igit of 2384?
8
What is the hundreds digit of 7025?
0
What is the units digit of 6?
6
What is the hundreds digit of 334?
3
What is the tens digit of 99308?
0
What is the thousands digit of 30512?
0
What is the hundreds digit of 105793?
7
What is the tens digit of 965?
6
What is the units digit of 18230?
0
What is the units digit of 12592?
2
What is the thousands digit of 14425?
4
What is the units digit of 39305?
5
What is the hundreds digit of 1591?
5
What is the ten thousands digit of 19248?
1
What is the hundreds digit of 34803?
8
What is the tens digit of 3666?
6
What is the tens digit of 1285?
8
What is the hundreds digit of 55523?
5
What is the units digit of 1586?
6
What is the tens digit of 167?
6
What is the hundreds digit of 4577?
5
What is the hundreds digit of 1273?
2
What is the hundreds digit of 823?
8
What is the units digit of 696?
6
What is the tens digit of 1443?
4
What is the units digit of 7363?
3
What is the tens digit of 4318?
1
What is the thousands digit of 1616?
1
What is the tens digit of 980?
8
What is the hundreds digit of 9695?
6
What is the units digit of 491?
1
What is the tens digit of 1881?
8
What is the ten thousands digit of 58789?
5
What is the tens digit of 1057?
5
What is the ten thousands digit of 16291?
1
What is the thousands digit of 3891?
3
What is the hundreds digit of 1782?
7
What is the thousands digit of 22726?
2
What is the hundreds digit of 1631?
6
What is the hundreds digit of 2445?
4
What is the tens digit of 105123?
2
What is the hundreds digit of 10159?
1
What is the thousands digit of 38260?
8
What is the thousands digit of 14257?
4
What is the units digit of 8946?
6
What is the thousands digit of 51483?
1
What is the tens digit of 254?
5
What is the thousands digit of 2426?
2
What is the tens digit of 509?
0
What is the hundreds digit of 443?
4
What is the units digit of 35503?
3
What is the units digit of 767?
7
What is the thousands digit of 3468?
3
What is the thousands digit of 5953?
5
What is the tens digit of 13504?
0
What is the units digit of 16375?
5
What is the hundreds digit of 655?
6
What is the tens digit of 842?
4
What is the units digit of 5186?
6
What is the tens digit of 1705?
0
What is the thousands digit of 5202?
5
What is the units digit of 1785?
5
What is the units digit of 7278?
8
What is the thousands digit of 30428?
0
What is the hundreds digit of 6402?
4
What is the ten thousands digit of 30376?
3
What is the hundreds digit of 632?
6
What is the tens digit of 20789?
8
What is the tens digit of 1262?
6
What is the units digit of 17287?
7
What is the thousands digit of 21756?
1
What is the tens digit of 2884?
8
What is the hundreds digit of 13949?
9
What is the thousands digit of 16644?
6
What is the units digit of 98500?
0
What is the hundreds digit of 1241?
2
What is the hundreds digit of 1074?
0
What is the hundreds digit of 273?
2
What is the hundreds digit of 189?
1
What is the thousands digit of 1977?
1
What is the ten thousands digit of 12506?
1
What is the thousands digit of 17847?
7
What is the units digit of 3878?
8
What is the units digit of 3461?
1
What is the thousands digit of 8572?
8
What is the thousands digit of 32998?
2
What is the units digit of 1038?
8
What is the hundreds digit of 61863?
8
What is the hundreds digit of 6309?
3
What is the tens digit of 1300?
0
What is the hundreds digit of 52757?
7
What is the thousands digit of 4093?
4
What is the tens digit of 214?
1
What is the ten thousands digit of 11420?
1
What is the thousands digit of 7597?
7
What is the units digit of 725?
5
What is the hundreds digit of 6556?
5
What is the hundreds digit of 897?
8
What is the units digit of 3274?
4
What is the thousands digit of 86419?
6
What is the tens digit of 716?
1
What is the units digit of 8?
8
What is the hundreds digit of 1616?
6
What is the hundreds digit of 138?
1
What is the tens digit of 143640?
4
What is the thousands digit of 49279?
9
What is the ten thousands digit of 25301?
2
What is the units digit of 10171?
1
What is the hundreds digit of 71460?
4
What is the tens digit of 773?
7
What is the hundreds digit of 159?
1
What is the hundreds digit of 89974?
9
What is the hundreds digit of 162?
1
What is the hundreds digit of 61295?
2
What is the thousands digit of 8790?
8
What is the thousands digit of 6033?
6
What is the units digit of 5935?
5
What is the tens digit of 10051?
5
What is the tens digit of 378?
7
What is the tens digit of 7506?
0
What is the hundreds digit of 1052?
0
What is the hundreds digit of 768?
7
What is the tens digit of 63499?
9
What is the ten thousands digit of 11948?
1
What is the hundreds digit of 6635?
6
What is the hundreds digit of 1887?
8
What is the hundreds digit of 1228?
2
What is the tens digit of 2984?
8
What is the units digit of 3981?
1
What is the hundreds digit of 1012?
0
What is the tens digit of 1358?
5
What is the units digit of 1565?
5
What is the tens digit of 202996?
9
What is the ten thousands digit of 16748?
1
What is the units digit of 15787?
7
What is the ten thousands digit of 28979?
2
What is the units digit of 109?
9
What is the units digit of 1131?
1
What is the hundreds digit of 21683?
6
What is the ten thousands digit of 117023?
1
What is the units digit of 1816?
6
What is the units digit of 45896?
6
What is the tens digit of 45152?
5
What is the units digit of 3842?
2
What is the tens digit of 6755?
5
What is the units digit of 12780?
0
What is the units digit of 2176?
6
What is the units digit of 821?
1
What is the tens digit of 38556?
5
What is the tens digit of 911?
1
What is the tens digit of 745?
4
What is the ten thousands digit of 188906?
8
What is the hundreds digit of 73707?
7
What is the hundreds digit of 4116?
1
What is the hundreds digit of 733?
7
What is the tens digit of 2131?
3
What is the thousands digit of 3499?
3
What is the ten thousands digit of 13121?
1
What is the hundreds digit of 341?
3
What is the tens digit of 6810?
1
What is the hundreds digit of 3825?
8
What is the thousands digit of 5327?
5
What is the hundreds digit of 14688?
6
What is the tens digit of 150695?
9
What is the ten thousands digit of 14742?
1
What is the units digit of 98472?
2
What is the thousands digit of 71964?
1
What is the tens digit of 4386?
8
What is the ten thousands digit of 35396?
3
What is the ten thousands digit of 11690?
1
What is the tens digit of 1779?
7
What is the tens digit of 157046?
4
What is the tens digit of 41?
4
What is the tens digit of 8069?
6
What is the tens digit of 75609?
0
What is the hundreds digit of 1477?
4
What is the tens digit of 38531?
3
What is the hundreds digit of 41618?
6
What is the units digit of 52845?
5
What is the hundreds digit of 167?
1
What is the ten thousands digit of 16930?
1
What is the units digit of 18000?
0
What is the units digit of 2682?
2
What is the units digit of 36429?
9
What is the units digit of 55709?
9
What is the thousands digit of 1557?
1
What is the units digit of 169066?
6
What is the units digit of 1496?
6
What is the units digit of 9459?
9
What is the hundreds digit of 1754?
7
What is the tens digit of 75?
7
What is the units digit of 16583?
3
What is the thousands digit of 31397?
1
What is the units digit of 59500?
0
What is the hundreds digit of 11410?
4
What is the thousands digit of 3070?
3
What is the hundreds digit of 165?
1
What is the thousands digit of 3975?
3
What is the tens digit of 2831?
3
What is the tens digit of 1525?
2
What is the thousands digit of 3975?
3
What is the thousands digit of 19389?
9
What is the hundreds digit of 1138?
1
What is the hundreds digit of 80592?
5
What is the tens digit of 90?
9
What is the tens digit of 84439?
3
What is the hundreds digit of 8341?
3
What is the tens digit of 23113?
1
What is the thousands digit of 49790?
9
What is the ten thousands digit of 127319?
2
What is the units digit of 439?
9
What is the hundreds digit of 77288?
2
What is the hundreds digit of 2496?
4
What is the thousands digit of 1491?
1
What is the hundreds digit of 50384?
3
What is the tens digit of 3880?
8
What is the tens digit of 904?
0
What is the units digit of 12232?
2
What is the tens digit of 6663?
6
What is the ten thousands digit of 72229?
7
What is the units digit of 1037?
7
What 